{"id":1050,"date":"2022-11-22T13:47:08","date_gmt":"2022-11-22T12:47:08","guid":{"rendered":"https:\/\/designum-architecture.fr\/?page_id=1050"},"modified":"2023-07-26T11:02:27","modified_gmt":"2023-07-26T10:02:27","slug":"tarifs-bons-cadeaux","status":"publish","type":"page","link":"https:\/\/designum-architecture.fr\/?page_id=1050","title":{"rendered":"Tarifs &#038; Bons cadeaux"},"content":{"rendered":"\n<div class=\"wp-block-cover is-light\" style=\"min-height:387px;aspect-ratio:unset;\"><span aria-hidden=\"true\" class=\"wp-block-cover__background has-background-dim-30 has-background-dim\"><\/span><img fetchpriority=\"high\" decoding=\"async\" width=\"1024\" height=\"401\" class=\"wp-block-cover__image-background wp-image-1065\" alt=\"\" src=\"https:\/\/designum-architecture.fr\/wp-content\/uploads\/2022\/11\/Plan-de-travail3-1024x401.png\" data-object-fit=\"cover\" srcset=\"https:\/\/designum-architecture.fr\/wp-content\/uploads\/2022\/11\/Plan-de-travail3-1024x401.png 1024w, https:\/\/designum-architecture.fr\/wp-content\/uploads\/2022\/11\/Plan-de-travail3-300x118.png 300w, https:\/\/designum-architecture.fr\/wp-content\/uploads\/2022\/11\/Plan-de-travail3-768x301.png 768w, https:\/\/designum-architecture.fr\/wp-content\/uploads\/2022\/11\/Plan-de-travail3-1536x602.png 1536w, https:\/\/designum-architecture.fr\/wp-content\/uploads\/2022\/11\/Plan-de-travail3.png 1669w\" sizes=\"(max-width: 1024px) 100vw, 1024px\" \/><div class=\"wp-block-cover__inner-container is-layout-flow wp-block-cover-is-layout-flow\">\n<h1 class=\"wp-block-heading has-text-align-center has-ast-global-color-5-color has-text-color has-large-font-size\">Tarifs &amp; BONS CADEAUX <\/h1>\n<\/div><\/div>\n\n\n\n<div style=\"height:34px\" aria-hidden=\"true\" class=\"wp-block-spacer\"><\/div>\n\n\n\n<div class=\"wp-block-columns is-layout-flex wp-container-core-columns-is-layout-28f84493 wp-block-columns-is-layout-flex\">\n<div class=\"wp-block-column is-layout-flow wp-block-column-is-layout-flow\" style=\"flex-basis:33.33%\">\n<figure class=\"wp-block-image size-full\"><img decoding=\"async\" width=\"1007\" height=\"760\" src=\"https:\/\/designum-architecture.fr\/wp-content\/uploads\/2022\/11\/Plan-de-travail2_3-3.png\" alt=\"\" class=\"wp-image-1059\" srcset=\"https:\/\/designum-architecture.fr\/wp-content\/uploads\/2022\/11\/Plan-de-travail2_3-3.png 1007w, https:\/\/designum-architecture.fr\/wp-content\/uploads\/2022\/11\/Plan-de-travail2_3-3-300x226.png 300w, https:\/\/designum-architecture.fr\/wp-content\/uploads\/2022\/11\/Plan-de-travail2_3-3-768x580.png 768w\" sizes=\"(max-width: 1007px) 100vw, 1007px\" \/><\/figure>\n<\/div>\n\n\n\n<div class=\"wp-block-column is-layout-flow wp-block-column-is-layout-flow\" style=\"flex-basis:66.66%\">\n<h4 class=\"wp-block-heading has-text-align-center\"><strong>Conseils en am\u00e9nagement &amp; d\u00e9coration<\/strong><\/h4>\n\n\n\n<p>\u00c9change 1h30 \u00e0 domicile<\/p>\n\n\n\n<p>D\u00e9finition du style d\u00e9co<\/p>\n\n\n\n<p>Choix des couleurs<\/p>\n\n\n\n<p>Conseil (r\u00e9)am\u00e9nagement (d\u00e9coration, mobilier mais aussi r\u00e9-agencement des pi\u00e8ces et modification des cloisons si besoin et si possible)<\/p>\n\n\n\n<p>Apr\u00e8s RDV: transmission d\u2019enseignes correspondant au projet envisag\u00e9 pour le shopping (mobiliers, luminaires\u2026)<\/p>\n\n\n\n<h6 class=\"wp-block-heading has-text-align-center\"><em>*60\u20ac\/h suppl\u00e9mentaire et tarif indiqu\u00e9 en HT dans la limite d&rsquo;une pi\u00e8ce de 20m\u00b2<\/em><\/h6>\n\n\n\n<div class=\"wp-block-buttons is-content-justification-center is-layout-flex wp-container-core-buttons-is-layout-a89b3969 wp-block-buttons-is-layout-flex\">\n<div class=\"wp-block-button\"><a class=\"wp-block-button__link wp-element-button\" href=\"https:\/\/designum-architecture.fr\/?page_id=9\">Je commande<\/a><\/div>\n<\/div>\n<\/div>\n<\/div>\n\n\n\n<div style=\"height:34px\" aria-hidden=\"true\" class=\"wp-block-spacer\"><\/div>\n\n\n\n<div class=\"wp-block-columns is-layout-flex wp-container-core-columns-is-layout-28f84493 wp-block-columns-is-layout-flex\">\n<div class=\"wp-block-column is-layout-flow wp-block-column-is-layout-flow\" style=\"flex-basis:66.66%\">\n<h4 class=\"wp-block-heading has-text-align-center\"><strong>Conseils en am\u00e9nagement &amp; d\u00e9coration<\/strong><\/h4>\n\n\n\n<p>\u00c9change 1h \u00e0 domicile<\/p>\n\n\n\n<p>D\u00e9finition du style souhait\u00e9<\/p>\n\n\n\n<p>Mesure de la pi\u00e8ce pour y adapter le mobilier<\/p>\n\n\n\n<p>\u00c9tablissement et transmission d\u2019un tableau r\u00e9capitulatif de tous les \u00e9l\u00e9ments \u00e0 acheter avec leurs r\u00e9f\u00e9rences, leurs prix et les liens pour les achats<\/p>\n\n\n\n<p>Accompagnement shopping non compris (65\u20ac\/h si souhait\u00e9)<\/p>\n\n\n\n<h6 class=\"wp-block-heading\"><em><em>*60\u20ac\/h suppl\u00e9mentaire et tarif indiqu\u00e9 en HT dans la limite d&rsquo;une pi\u00e8ce de 20m\u00b2<\/em><\/em><\/h6>\n\n\n\n<div class=\"wp-block-buttons is-content-justification-center is-layout-flex wp-container-core-buttons-is-layout-a89b3969 wp-block-buttons-is-layout-flex\">\n<div class=\"wp-block-button\"><a class=\"wp-block-button__link wp-element-button\" href=\"https:\/\/designum-architecture.fr\/?page_id=9\">Je commande<\/a><\/div>\n<\/div>\n<\/div>\n\n\n\n<div class=\"wp-block-column is-layout-flow wp-block-column-is-layout-flow\" style=\"flex-basis:33.33%\">\n<figure class=\"wp-block-image size-full\"><img decoding=\"async\" width=\"1007\" height=\"759\" src=\"https:\/\/designum-architecture.fr\/wp-content\/uploads\/2022\/11\/Plan-de-travail2-2.png\" alt=\"\" class=\"wp-image-1060\" srcset=\"https:\/\/designum-architecture.fr\/wp-content\/uploads\/2022\/11\/Plan-de-travail2-2.png 1007w, https:\/\/designum-architecture.fr\/wp-content\/uploads\/2022\/11\/Plan-de-travail2-2-300x226.png 300w, https:\/\/designum-architecture.fr\/wp-content\/uploads\/2022\/11\/Plan-de-travail2-2-768x579.png 768w\" sizes=\"(max-width: 1007px) 100vw, 1007px\" \/><\/figure>\n<\/div>\n<\/div>\n\n\n\n<div style=\"height:34px\" aria-hidden=\"true\" class=\"wp-block-spacer\"><\/div>\n\n\n\n<div class=\"wp-block-columns is-layout-flex wp-container-core-columns-is-layout-28f84493 wp-block-columns-is-layout-flex\">\n<div class=\"wp-block-column is-layout-flow wp-block-column-is-layout-flow\" style=\"flex-basis:33.33%\">\n<figure class=\"wp-block-image size-full\"><img loading=\"lazy\" decoding=\"async\" width=\"1008\" height=\"759\" src=\"https:\/\/designum-architecture.fr\/wp-content\/uploads\/2023\/07\/Plan-de-travail2_2-1.png\" alt=\"\" class=\"wp-image-1614\" srcset=\"https:\/\/designum-architecture.fr\/wp-content\/uploads\/2023\/07\/Plan-de-travail2_2-1.png 1008w, https:\/\/designum-architecture.fr\/wp-content\/uploads\/2023\/07\/Plan-de-travail2_2-1-300x226.png 300w, https:\/\/designum-architecture.fr\/wp-content\/uploads\/2023\/07\/Plan-de-travail2_2-1-768x578.png 768w\" sizes=\"(max-width: 1008px) 100vw, 1008px\" \/><\/figure>\n<\/div>\n\n\n\n<div class=\"wp-block-column is-layout-flow wp-block-column-is-layout-flow\" style=\"flex-basis:66.66%\">\n<h4 class=\"wp-block-heading has-text-align-center\"><strong>Conseils en am\u00e9nagement &amp; d\u00e9coration<\/strong><\/h4>\n\n\n\n<p>\u00c9change 2h \u00e0 domicile<\/p>\n\n\n\n<p>D\u00e9finition du style d\u00e9co<\/p>\n\n\n\n<p>Choix des couleurs<\/p>\n\n\n\n<p>Conseil (r\u00e9)am\u00e9nagement (d\u00e9coration, mobilier mais aussi r\u00e9-agencement des pi\u00e8ces et modification des cloisons si besoin et si possible)<\/p>\n\n\n\n<p>Apr\u00e8s RDV:<\/p>\n\n\n\n<ul class=\"wp-block-list\">\n<li>Transmission des coordonn\u00e9es de partenaires de confiance pour vos travaux<\/li>\n\n\n\n<li>Transmission d&rsquo;un dossier avec des propositions de quelques mat\u00e9riaux pour la r\u00e9alisation du projet (sol, mur, luminaires&#8230;)<\/li>\n\n\n\n<li> Transmission d&rsquo;enseignes correspondant au projet envisag\u00e9 pour le shopping<\/li>\n<\/ul>\n\n\n\n<h6 class=\"wp-block-heading has-text-align-center\"><em><em>*60\u20ac\/h suppl\u00e9mentaire et tarif indiqu\u00e9 en HT dans la limite d&rsquo;une pi\u00e8ce de 20m\u00b2<\/em><\/em><\/h6>\n\n\n\n<div class=\"wp-block-buttons is-content-justification-center is-layout-flex wp-container-core-buttons-is-layout-a89b3969 wp-block-buttons-is-layout-flex\">\n<div class=\"wp-block-button\"><a class=\"wp-block-button__link wp-element-button\" href=\"https:\/\/designum-architecture.fr\/?page_id=9\">Je commande<\/a><\/div>\n<\/div>\n<\/div>\n<\/div>\n\n\n\n<div style=\"height:34px\" aria-hidden=\"true\" class=\"wp-block-spacer\"><\/div>\n\n\n\n<div class=\"wp-block-columns is-layout-flex wp-container-core-columns-is-layout-28f84493 wp-block-columns-is-layout-flex\">\n<div class=\"wp-block-column is-layout-flow wp-block-column-is-layout-flow\" style=\"flex-basis:66.66%\">\n<h4 class=\"wp-block-heading has-text-align-center\"><strong>Conseils en am\u00e9nagement &amp; d\u00e9coration<\/strong><\/h4>\n\n\n\n<p>\u00c9change 2h \u00e0 domicile<\/p>\n\n\n\n<p>D\u00e9finition du style d\u00e9co<\/p>\n\n\n\n<p>Choix des couleurs<\/p>\n\n\n\n<p>Conseil (r\u00e9)am\u00e9nagement (d\u00e9coration, mobilier mais aussi r\u00e9-agencement des pi\u00e8ces et modification des cloisons si besoin et si possible)<\/p>\n\n\n\n<ul class=\"wp-block-list\">\n<li>Transmission d\u2019enseignes correspondant au projet envisag\u00e9 pour le shopping<\/li>\n\n\n\n<li>Transmission d\u2019un dossier avec des propositions de quelques mat\u00e9riaux pour la r\u00e9alisation du projet (sol, mur, luminaires\u2026)<\/li>\n\n\n\n<li>R\u00e9alisation de visuels 3D pour \u00eatre s\u00fbr de ses choix avant de r\u00e9aliser son projet<\/li>\n\n\n\n<li>Transmission des coordonn\u00e9es de partenaires de confiance pour vos travaux<\/li>\n<\/ul>\n\n\n\n<h6 class=\"wp-block-heading has-text-align-center\"><em><em>*60\u20ac\/h suppl\u00e9mentaire et tarif indiqu\u00e9 en HT dans la limite d&rsquo;une pi\u00e8ce de 20m\u00b2<\/em><\/em><\/h6>\n\n\n\n<div class=\"wp-block-buttons is-content-justification-center is-layout-flex wp-container-core-buttons-is-layout-a89b3969 wp-block-buttons-is-layout-flex\">\n<div class=\"wp-block-button\"><a class=\"wp-block-button__link wp-element-button\" href=\"https:\/\/designum-architecture.fr\/?page_id=9\">Je commande<\/a><\/div>\n<\/div>\n<\/div>\n\n\n\n<div class=\"wp-block-column is-layout-flow wp-block-column-is-layout-flow\" style=\"flex-basis:33.33%\">\n<figure class=\"wp-block-image size-full\"><img loading=\"lazy\" decoding=\"async\" width=\"1007\" height=\"759\" src=\"https:\/\/designum-architecture.fr\/wp-content\/uploads\/2022\/11\/Plan-de-travail2_5-1.png\" alt=\"\" class=\"wp-image-1047\" srcset=\"https:\/\/designum-architecture.fr\/wp-content\/uploads\/2022\/11\/Plan-de-travail2_5-1.png 1007w, https:\/\/designum-architecture.fr\/wp-content\/uploads\/2022\/11\/Plan-de-travail2_5-1-300x226.png 300w, https:\/\/designum-architecture.fr\/wp-content\/uploads\/2022\/11\/Plan-de-travail2_5-1-768x579.png 768w\" sizes=\"(max-width: 1007px) 100vw, 1007px\" \/><\/figure>\n<\/div>\n<\/div>\n\n\n\n<div style=\"height:34px\" aria-hidden=\"true\" class=\"wp-block-spacer\"><\/div>\n\n\n\n<div class=\"wp-block-columns is-layout-flex wp-container-core-columns-is-layout-28f84493 wp-block-columns-is-layout-flex\">\n<div class=\"wp-block-column is-layout-flow wp-block-column-is-layout-flow\" style=\"flex-basis:33.33%\">\n<figure class=\"wp-block-image size-full\"><img loading=\"lazy\" decoding=\"async\" width=\"1008\" height=\"759\" src=\"https:\/\/designum-architecture.fr\/wp-content\/uploads\/2022\/11\/Plan-de-travail2_4-3.png\" alt=\"\" class=\"wp-image-1063\" srcset=\"https:\/\/designum-architecture.fr\/wp-content\/uploads\/2022\/11\/Plan-de-travail2_4-3.png 1008w, https:\/\/designum-architecture.fr\/wp-content\/uploads\/2022\/11\/Plan-de-travail2_4-3-300x226.png 300w, https:\/\/designum-architecture.fr\/wp-content\/uploads\/2022\/11\/Plan-de-travail2_4-3-768x578.png 768w\" sizes=\"(max-width: 1008px) 100vw, 1008px\" \/><\/figure>\n<\/div>\n\n\n\n<div class=\"wp-block-column is-layout-flow wp-block-column-is-layout-flow\" style=\"flex-basis:66.66%\">\n<h4 class=\"wp-block-heading has-text-align-center\"><strong>Conseils en am\u00e9nagement &amp; d\u00e9coration<\/strong><\/h4>\n\n\n\n<p>Solution cl\u00e9 en main du RDV pour cerner votre projet \u00e0 la r\u00e9ception des travaux en passant par l\u2019\u00e9tablissement des plans, des visuels 3D et de la consultation des entreprises pour l\u2019\u00e9tablissement des devis.<\/p>\n\n\n\n<p>Tous les forfaits sont d\u00e9ductibles du tarif de Remodeling en cas d\u2019envie de poursuivre les premiers \u00e9changes sur une mise en travaux et une solution cl\u00e9 en main.<\/p>\n\n\n\n<div class=\"wp-block-buttons is-content-justification-center is-layout-flex wp-container-core-buttons-is-layout-a89b3969 wp-block-buttons-is-layout-flex\">\n<div class=\"wp-block-button\"><a class=\"wp-block-button__link wp-element-button\" href=\"https:\/\/designum-architecture.fr\/?page_id=9\">Je commande<\/a><\/div>\n<\/div>\n<\/div>\n<\/div>\n","protected":false},"excerpt":{"rendered":"<p>Conseils en am\u00e9nagement &amp; d\u00e9coration \u00c9change 1h30 \u00e0 domicile D\u00e9finition du style d\u00e9co Choix des couleurs Conseil (r\u00e9)am\u00e9nagement (d\u00e9coration, mobilier mais aussi r\u00e9-agencement des pi\u00e8ces et modification des cloisons si besoin et si possible) Apr\u00e8s RDV: transmission d\u2019enseignes correspondant au projet envisag\u00e9 pour le shopping (mobiliers, luminaires\u2026) *60\u20ac\/h suppl\u00e9mentaire et tarif indiqu\u00e9 en HT dans [&hellip;]<\/p>\n","protected":false},"author":2,"featured_media":0,"parent":0,"menu_order":0,"comment_status":"closed","ping_status":"closed","template":"","meta":{"om_disable_all_campaigns":false,"_monsterinsights_skip_tracking":false,"_monsterinsights_sitenote_active":false,"_monsterinsights_sitenote_note":"","_monsterinsights_sitenote_category":0,"site-sidebar-layout":"default","site-content-layout":"","ast-site-content-layout":"default","site-content-style":"default","site-sidebar-style":"default","ast-global-header-display":"","ast-banner-title-visibility":"","ast-main-header-display":"","ast-hfb-above-header-display":"","ast-hfb-below-header-display":"","ast-hfb-mobile-header-display":"","site-post-title":"disabled","ast-breadcrumbs-content":"","ast-featured-img":"","footer-sml-layout":"","theme-transparent-header-meta":"","adv-header-id-meta":"","stick-header-meta":"","header-above-stick-meta":"","header-main-stick-meta":"","header-below-stick-meta":"","astra-migrate-meta-layouts":"default","ast-page-background-enabled":"default","ast-page-background-meta":{"desktop":{"background-color":"","background-image":"","background-repeat":"repeat","background-position":"center center","background-size":"auto","background-attachment":"scroll","background-type":"","background-media":"","overlay-type":"","overlay-color":"","overlay-opacity":"","overlay-gradient":""},"tablet":{"background-color":"","background-image":"","background-repeat":"repeat","background-position":"center center","background-size":"auto","background-attachment":"scroll","background-type":"","background-media":"","overlay-type":"","overlay-color":"","overlay-opacity":"","overlay-gradient":""},"mobile":{"background-color":"","background-image":"","background-repeat":"repeat","background-position":"center center","background-size":"auto","background-attachment":"scroll","background-type":"","background-media":"","overlay-type":"","overlay-color":"","overlay-opacity":"","overlay-gradient":""}},"ast-content-background-meta":{"desktop":{"background-color":"var(--ast-global-color-5)","background-image":"","background-repeat":"repeat","background-position":"center center","background-size":"auto","background-attachment":"scroll","background-type":"","background-media":"","overlay-type":"","overlay-color":"","overlay-opacity":"","overlay-gradient":""},"tablet":{"background-color":"var(--ast-global-color-5)","background-image":"","background-repeat":"repeat","background-position":"center center","background-size":"auto","background-attachment":"scroll","background-type":"","background-media":"","overlay-type":"","overlay-color":"","overlay-opacity":"","overlay-gradient":""},"mobile":{"background-color":"var(--ast-global-color-5)","background-image":"","background-repeat":"repeat","background-position":"center center","background-size":"auto","background-attachment":"scroll","background-type":"","background-media":"","overlay-type":"","overlay-color":"","overlay-opacity":"","overlay-gradient":""}},"footnotes":""},"class_list":["post-1050","page","type-page","status-publish","hentry"],"aioseo_notices":[],"_links":{"self":[{"href":"https:\/\/designum-architecture.fr\/index.php?rest_route=\/wp\/v2\/pages\/1050","targetHints":{"allow":["GET"]}}],"collection":[{"href":"https:\/\/designum-architecture.fr\/index.php?rest_route=\/wp\/v2\/pages"}],"about":[{"href":"https:\/\/designum-architecture.fr\/index.php?rest_route=\/wp\/v2\/types\/page"}],"author":[{"embeddable":true,"href":"https:\/\/designum-architecture.fr\/index.php?rest_route=\/wp\/v2\/users\/2"}],"replies":[{"embeddable":true,"href":"https:\/\/designum-architecture.fr\/index.php?rest_route=%2Fwp%2Fv2%2Fcomments&post=1050"}],"version-history":[{"count":29,"href":"https:\/\/designum-architecture.fr\/index.php?rest_route=\/wp\/v2\/pages\/1050\/revisions"}],"predecessor-version":[{"id":1616,"href":"https:\/\/designum-architecture.fr\/index.php?rest_route=\/wp\/v2\/pages\/1050\/revisions\/1616"}],"wp:attachment":[{"href":"https:\/\/designum-architecture.fr\/index.php?rest_route=%2Fwp%2Fv2%2Fmedia&parent=1050"}],"curies":[{"name":"wp","href":"https:\/\/api.w.org\/{rel}","templated":true}]}}