{"id":550,"date":"2022-03-04T11:32:46","date_gmt":"2022-03-04T10:32:46","guid":{"rendered":"https:\/\/designum-architecture.fr\/?page_id=550"},"modified":"2023-06-27T14:58:09","modified_gmt":"2023-06-27T13:58:09","slug":"articles","status":"publish","type":"page","link":"https:\/\/designum-architecture.fr\/?page_id=550","title":{"rendered":"Articles"},"content":{"rendered":"\n<div class=\"wp-block-cover is-light\"><span aria-hidden=\"true\" class=\"wp-block-cover__background has-background-dim\"><\/span><img fetchpriority=\"high\" decoding=\"async\" width=\"1280\" height=\"960\" class=\"wp-block-cover__image-background wp-image-577\" alt=\"coffee, cup, drink-1869772.jpg\" src=\"https:\/\/designum-architecture.fr\/wp-content\/uploads\/2022\/03\/coffee-cup-drink-1869772.jpg\" style=\"object-position:39% 55%\" data-object-fit=\"cover\" data-object-position=\"39% 55%\" srcset=\"https:\/\/designum-architecture.fr\/wp-content\/uploads\/2022\/03\/coffee-cup-drink-1869772.jpg 1280w, https:\/\/designum-architecture.fr\/wp-content\/uploads\/2022\/03\/coffee-cup-drink-1869772-300x225.jpg 300w, https:\/\/designum-architecture.fr\/wp-content\/uploads\/2022\/03\/coffee-cup-drink-1869772-1024x768.jpg 1024w, https:\/\/designum-architecture.fr\/wp-content\/uploads\/2022\/03\/coffee-cup-drink-1869772-768x576.jpg 768w\" sizes=\"(max-width: 1280px) 100vw, 1280px\" \/><div class=\"wp-block-cover__inner-container is-layout-flow wp-block-cover-is-layout-flow\">\n<h1 class=\"wp-block-heading has-text-align-center has-ast-global-color-4-color has-text-color\">articles<\/h1>\n<\/div><\/div>\n\n\n\n<p><\/p>\n\n\n\n<div class=\"wp-block-columns are-vertically-aligned-center is-layout-flex wp-container-core-columns-is-layout-28f84493 wp-block-columns-is-layout-flex\">\n<div class=\"wp-block-column is-vertically-aligned-center is-layout-flow wp-block-column-is-layout-flow\" style=\"flex-basis:10%\">\n<figure class=\"wp-block-image aligncenter size-full is-resized\"><img decoding=\"async\" src=\"https:\/\/designum-architecture.fr\/wp-content\/uploads\/2022\/03\/D-Designum-90\u00b0.png\" alt=\"\" class=\"wp-image-615\" width=\"45\" height=\"90\" srcset=\"https:\/\/designum-architecture.fr\/wp-content\/uploads\/2022\/03\/D-Designum-90\u00b0.png 435w, https:\/\/designum-architecture.fr\/wp-content\/uploads\/2022\/03\/D-Designum-90\u00b0-151x300.png 151w\" sizes=\"(max-width: 45px) 100vw, 45px\" \/><\/figure>\n<\/div>\n\n\n\n<div class=\"wp-block-column is-vertically-aligned-center is-layout-flow wp-block-column-is-layout-flow\" style=\"flex-basis:80%\">\n<p class=\"has-text-align-center\">Dans cette rubrique, nous avons souhait\u00e9 partager avec vous un focus sur diff\u00e9rents articles ou \u00e9v\u00e8nements du milieu ayant attir\u00e9s notre attention.<\/p>\n<\/div>\n\n\n\n<div class=\"wp-block-column is-vertically-aligned-center is-layout-flow wp-block-column-is-layout-flow\" style=\"flex-basis:10%\">\n<figure class=\"wp-block-image aligncenter size-full is-resized\"><img decoding=\"async\" src=\"https:\/\/designum-architecture.fr\/wp-content\/uploads\/2022\/03\/D-Designum-90\u00b0-1.png\" alt=\"\" class=\"wp-image-616\" width=\"48\" height=\"95\" srcset=\"https:\/\/designum-architecture.fr\/wp-content\/uploads\/2022\/03\/D-Designum-90\u00b0-1.png 435w, https:\/\/designum-architecture.fr\/wp-content\/uploads\/2022\/03\/D-Designum-90\u00b0-1-151x300.png 151w\" sizes=\"(max-width: 48px) 100vw, 48px\" \/><\/figure>\n<\/div>\n<\/div>\n\n\n\n<p class=\"has-text-align-center\">N&rsquo;h\u00e9sitez pas \u00e0 nous contacter si vous souhaiteriez voir appara\u00eetre certaines de vos nouveaut\u00e9s et innovations !<br><\/p>\n\n\n\n<div class=\"wp-block-buttons is-content-justification-center is-layout-flex wp-container-core-buttons-is-layout-a89b3969 wp-block-buttons-is-layout-flex\">\n<div class=\"wp-block-button\"><a class=\"wp-block-button__link has-ast-global-color-4-color has-text-color wp-element-button\" href=\"https:\/\/designum-architecture.fr\/?page_id=9\">CONTACT<\/a><\/div>\n<\/div>\n\n\n\n<p><\/p>\n","protected":false},"excerpt":{"rendered":"<p>Dans cette rubrique, nous avons souhait\u00e9 partager avec vous un focus sur diff\u00e9rents articles ou \u00e9v\u00e8nements du milieu ayant attir\u00e9s notre attention. N&rsquo;h\u00e9sitez pas \u00e0 nous contacter si vous souhaiteriez voir appara\u00eetre certaines de vos nouveaut\u00e9s et innovations !<\/p>\n","protected":false},"author":1,"featured_media":0,"parent":0,"menu_order":0,"comment_status":"closed","ping_status":"closed","template":"","meta":{"om_disable_all_campaigns":false,"_monsterinsights_skip_tracking":false,"_monsterinsights_sitenote_active":false,"_monsterinsights_sitenote_note":"","_monsterinsights_sitenote_category":0,"site-sidebar-layout":"no-sidebar","site-content-layout":"plain-container","ast-site-content-layout":"default","site-content-style":"default","site-sidebar-style":"default","ast-global-header-display":"","ast-banner-title-visibility":"","ast-main-header-display":"","ast-hfb-above-header-display":"","ast-hfb-below-header-display":"","ast-hfb-mobile-header-display":"","site-post-title":"","ast-breadcrumbs-content":"","ast-featured-img":"","footer-sml-layout":"","theme-transparent-header-meta":"enabled","adv-header-id-meta":"","stick-header-meta":"","header-above-stick-meta":"","header-main-stick-meta":"","header-below-stick-meta":"","astra-migrate-meta-layouts":"default","ast-page-background-enabled":"default","ast-page-background-meta":{"desktop":{"background-color":"","background-image":"","background-repeat":"repeat","background-position":"center center","background-size":"auto","background-attachment":"scroll","background-type":"","background-media":"","overlay-type":"","overlay-color":"","overlay-opacity":"","overlay-gradient":""},"tablet":{"background-color":"","background-image":"","background-repeat":"repeat","background-position":"center center","background-size":"auto","background-attachment":"scroll","background-type":"","background-media":"","overlay-type":"","overlay-color":"","overlay-opacity":"","overlay-gradient":""},"mobile":{"background-color":"","background-image":"","background-repeat":"repeat","background-position":"center center","background-size":"auto","background-attachment":"scroll","background-type":"","background-media":"","overlay-type":"","overlay-color":"","overlay-opacity":"","overlay-gradient":""}},"ast-content-background-meta":{"desktop":{"background-color":"var(--ast-global-color-5)","background-image":"","background-repeat":"repeat","background-position":"center center","background-size":"auto","background-attachment":"scroll","background-type":"","background-media":"","overlay-type":"","overlay-color":"","overlay-opacity":"","overlay-gradient":""},"tablet":{"background-color":"var(--ast-global-color-5)","background-image":"","background-repeat":"repeat","background-position":"center center","background-size":"auto","background-attachment":"scroll","background-type":"","background-media":"","overlay-type":"","overlay-color":"","overlay-opacity":"","overlay-gradient":""},"mobile":{"background-color":"var(--ast-global-color-5)","background-image":"","background-repeat":"repeat","background-position":"center center","background-size":"auto","background-attachment":"scroll","background-type":"","background-media":"","overlay-type":"","overlay-color":"","overlay-opacity":"","overlay-gradient":""}},"footnotes":""},"class_list":["post-550","page","type-page","status-publish","hentry"],"aioseo_notices":[],"_links":{"self":[{"href":"https:\/\/designum-architecture.fr\/index.php?rest_route=\/wp\/v2\/pages\/550","targetHints":{"allow":["GET"]}}],"collection":[{"href":"https:\/\/designum-architecture.fr\/index.php?rest_route=\/wp\/v2\/pages"}],"about":[{"href":"https:\/\/designum-architecture.fr\/index.php?rest_route=\/wp\/v2\/types\/page"}],"author":[{"embeddable":true,"href":"https:\/\/designum-architecture.fr\/index.php?rest_route=\/wp\/v2\/users\/1"}],"replies":[{"embeddable":true,"href":"https:\/\/designum-architecture.fr\/index.php?rest_route=%2Fwp%2Fv2%2Fcomments&post=550"}],"version-history":[{"count":19,"href":"https:\/\/designum-architecture.fr\/index.php?rest_route=\/wp\/v2\/pages\/550\/revisions"}],"predecessor-version":[{"id":1565,"href":"https:\/\/designum-architecture.fr\/index.php?rest_route=\/wp\/v2\/pages\/550\/revisions\/1565"}],"wp:attachment":[{"href":"https:\/\/designum-architecture.fr\/index.php?rest_route=%2Fwp%2Fv2%2Fmedia&parent=550"}],"curies":[{"name":"wp","href":"https:\/\/api.w.org\/{rel}","templated":true}]}}